s divided by 29592.
4
Calculate the remainder when 191309 is divided by 95625.
59
Calculate the remainder when 4065500 is divided by 1421.
19
What is the remainder when 23214 is divided by 4635?
39
What is the remainder when 2364478 is divided by 2665?
623
Calculate the remainder when 2541146 is divided by 7430.
86
Calculate the remainder when 316997351 is divided by 11214.
11213
What is the remainder when 2912594 is divided by 1072?
1042
Calculate the remainder when 3049064 is divided by 66.
62
What is the remainder when 74934 is divided by 23109?
5607
What is the remainder when 564733 is divided by 641?
12
What is the remainder when 150468 is divided by 217?
87
Calculate the remainder when 187108 is divided by 4263.
3799
Calculate the remainder when 27728 is divided by 8510.
2198
Calculate the remainder when 898465342 is divided by 4003.
4001
What is the remainder when 17426 is divided by 439?
305
What is the remainder when 1352597 is divided by 79524?
689
What is the remainder when 5100051 is divided by 264?
99
What is the remainder when 5112359 is divided by 83?
57
Calculate the remainder when 426624 is divided by 600.
24
Calculate the remainder when 89168 is divided by 5605.
5093
Calculate the remainder when 2980360 is divided by 16650.
10
What is the remainder when 171349069 is divided by 74?
71
Calculate the remainder when 207890 is divided by 7681.
503
Calculate the remainder when 106162153 is divided by 58.
55
Calculate the remainder when 393616 is divided by 2940.
2596
Calculate the remainder when 17186538 is divided by 16751.
12
What is the remainder when 21012349 is divided by 3719?
3718
Calculate the remainder when 263435 is divided by 43868.
227
What is the remainder when 10603902 is divided by 174?
168
Calculate the remainder when 1699845 is divided by 456.
333
Calculate the remainder when 307022 is divided by 516.
2
What is the remainder when 9517877 is divided by 118?
115
What is the remainder when 14498642 is divided by 2518?
2516
Calculate the remainder when 4639722 is divided by 167.
128
Calculate the remainder when 1034900 is divided by 6234.
56
What is the remainder when 59601 is divided by 10717?
6016
Calculate the remainder when 730112236 is divided by 18.
16
What is the remainder when 1096181 is divided by 273994?
205
Calculate the remainder when 3968801 is divided by 158751.
26
What is the remainder when 493072 is divided by 621?
619
What is the remainder when 87794 is divided by 29232?
98
What is the remainder when 2739584 is divided by 12122?
12
Calculate the remainder when 4539409 is divided by 74.
27
Calculate the remainder when 92150402 is divided by 465406.
14
Calculate the remainder when 398266 is divided by 71.
27
Calculate the remainder when 4480127 is divided by 32.
31
What is the remainder when 55306617 is divided by 1366?
9
Calculate the remainder when 132997 is divided by 33233.
65
What is the remainder when 60951 is divided by 11939?
1256
What is the remainder when 5728776 is divided by 459?
456
Calculate the remainder when 60632 is divided by 11881.
1227
What is the remainder when 607556 is divided by 201657?
2585
What is the remainder when 5585605 is divided by 26472?
13
Calculate the remainder when 862739 is divided by 3059.
101
What is the remainder when 219233985 is divided by 6?
3
What is the remainder when 7600001 is divided by 12459?
11
Calculate the remainder when 451869 is divided by 74371.
5643
What is the remainder when 58129468 is divided by 8304209?
5
What is the remainder when 62243 is divided by 27?
8
Calculate the remainder when 439898579 is divided by 1133.
1132
Calculate the remainder when 118430054 is divided by 259.
232
Calculate the remainder when 109045 is divided by 35084.
3793
What is the remainder when 2216170 is divided by 9045?
145
What is the remainder when 50548 is divided by 857?
842
Calculate the remainder when 313222 is divided by 7610.
1212
What is the remainder when 8934 is divided by 6075?
2859
What is the remainder when 105461885 is divided by 982?
977
What is the remainder when 8516996 is divided by 408?
404
What is the remainder when 116654 is divided by 720?
14
Calculate the remainder when 12216 is divided by 190.
56
Calculate the remainder when 46452958 is divided by 720.
718
Calculate the remainder when 912379 is divided by 25.
4
Calculate the remainder when 5275 is divided by 773.
637
Calculate the remainder when 20813484 is divided by 35.
34
Calculate the remainder when 2413922 is divided by 34.
24
What is the remainder when 49370 is divided by 939?
542
What is the remainder when 112088 is divided by 27960?
248
Calculate the remainder when 9272420 is divided by 2318099.
24
What is the remainder when 62493573 is divided by 43?
39
What is the remainder when 279442 is divided by 31039?
91
Calculate the remainder when 202233 is divided by 1287.
174
What is the remainder when 984159 is divided by 10?
9
Calculate the remainder when 227209 is divided by 794.
125
Calculate the remainder when 140594023 is divided by 13.
11
What is the remainder when 443766660 is divided by 221883330?
0
Calculate the remainder when 210689733 is divided by 4899761.
10
What is the remainder when 92965 is divided by 3122?
2427
What is the remainder when 4844525 is divided by 385?
70
What is the remainder when 43271501 is divided by 2202?
2201
Calculate the remainder when 2490331 is divided by 1219.
1133
Calculate the remainder when 63748492 is divided by 110101.
13
Calculate the remainder when 591045 is divided by 18867.
6168
What is the remainder when 82450585 is divided by 27483526?
7
Calculate the remainder when 77394 is divided by 595.
44
Calculate the remainder when 900774 is divided by 14.
0
Calculate the remainder when 20007265 is divided by 1251.
22
What is the remainder when 30090081 is divided by 154308?
21
Calculate the remainder when 372308 is divided by 86.
14
What is the remainder when 2283605 is divided by 39?
38
What is the remainder when 1625309 is divided by 135440?
29
What is the remainder when 3825875 is divided by 3932?
39
Calculate the remainder when 20350735 is divided by 1981.
1903
Calculate the remainder when 145412009 is divided by 300438.
17
Calculate the remainder when 45057 is divided by 4490.
157
Calculate the remainder when 22523 is divided by 1293.
542
What is the remainder when 2854811 is divided by 46800?
11
Calculate the remainder when 7013 is divided by 3280.
453
What is the remainder when 4541365 is divided by 124?
113
What is the remainder when 358347 is divided by 4371?
4296
Calculate the remainder when 4897741 is divided by 1352.
797
What is the remainder when 20714 is divided by 1304?
1154
Calculate the remainder when 31322 is divided by 30366.
956
What is the remainder when 217286 is divided by 36208?
38
Calculate the remainder when 472492 is divided by 23622.
52
What is the remainder when 3157316 is divided by 1593?
1583
Calculate the remainder when 2680555 is divided by 16.
11
What is the remainder when 3786794 is divided by 270484?
18
Calculate the remainder when 1663843 is divided by 347.
325
What is the remainder when 895263 is divided by 298399?
66
Calculate the remainder when 111864 is divided by 149.
114
Calculate the remainder when 205698 is divided by 3371.
67
Calculate the remainder when 9449718 is divided by 1889941.
13
Calculate the remainder when 343441 is divided by 13577.
4016
What is the remainder when 53352205 is divided by 1727?
1721
Calculate the remainder when 1861489 is divided by 263.
238
What is the remainder when 5163919 is divided by 73?
45
Calculate the remainder when 148789625 is divided by 125.
0
What is the remainder when 96903242 is divided by 19?
12
What is the remainder when 2225800 is divided by 8663?
8072
Calculate the remainder when 19837662 is divided by 795.
27
Calculate the remainder when 138046 is divided by 1865.
36
What is the remainder when 25436362 is divided by 264962?
10
Calculate the remainder when 6440024 is divided by 1400.
24
Calculate the remainder when 3591623 is divided by 5475.
23
What is the remainder when 203802315 is divided by 4?
3
Calculate the remainder when 1134761 is divided by 18012.
5
What is the remainder when 1592095 is divided by 290?
285
Calculate the remainder when 182447 is d